ommon divisor of 159 and g?
159
Suppose 2*k = -21*k - 17250. Let j be 1/((-756)/k + -1). Calculate the highest common divisor of j and 25.
25
Suppose -4*i + 3*c + 302 + 289 = 0, -447 = -3*i + 3*c. What is the greatest common factor of i and 2178?
18
Suppose 5*h + 39 + 6 = 2*d, 0 = 5*d - 2*h - 60. Suppose 95*y - 44*y = 510. What is the highest common divisor of d and y?
10
Let r be (-72 + 63 - 1*-19) + 144. Let q(f) = -14*f. Let w be q(-1). Calculate the highest common factor of w and r.
14
Let w = 188 - 163. Let v be -10*(w/(-10))/(-5) + 45. What is the highest common divisor of v and 60?
20
Suppose -7*i = 26*i + 2*i - 148540. Calculate the greatest common factor of i and 4.
4
Suppose 16 = -5*r - 9, 4*r + 56 = 4*o. Suppose f + 6 = -o. Let y = 28 + f. What is the highest common divisor of y and 104?
13
Let i = -2017 + 2173. What is the highest common divisor of 20 and i?
4
Suppose 0 = 18*h + 5 - 77. Let y = 1 - -19. Calculate the greatest common divisor of h and y.
4
Suppose -142*b + 140*b = 84. Let d be b/(((-48)/21)/8). What is the highest common divisor of 42 and d?
21
Let j(y) = -y + 5. Let g be j(3). Let o(f) = 2*f**2 + 214*f - g - 224*f - 3*f**2 + 3*f**2. Let p be o(7). Calculate the greatest common factor of 104 and p.
26
Suppose 7576 + 7328 = 136*j + 3480. Calculate the greatest common divisor of j and 616.
28
Let a(j) = 4*j**2 + 1475*j + 8850. Let i be a(-6). Let y(h) = -17*h + 5. Let l be y(-5). Calculate the highest common factor of i and l.
18
Let n = -2666 - -3306. What is the highest common divisor of n and 896?
128
Let x(p) = -65*p - 17. Let t be x(-16). Let k = t - 942. What is the highest common factor of 9 and k?
9
Let i = -96 - -98. Let p be ((-1)/i - -2)*1060/30. Calculate the highest common factor of p and 53.
53
Let j(q) = q**2 - 3*q - 4. Let s be j(5). Let b = 122 - 77. Let w be -6*(-132)/b - (-2)/5. What is the highest common divisor of s and w?
6
Suppose 4*m - 544 = -2*t, -172 = -t + m + 94. Suppose n + 3*n = t. Suppose -s = -136 - n. What is the greatest common factor of s and 29?
29
Let d(v) = 201*v**2 - 4*v + 2 + 6*v + 2*v. Let a be d(-2). Suppose 0 = 6*w - 0*w - a. Calculate the highest common factor of 19 and w.
19
Suppose 57 + 81 = 3*i. Suppose -268 = i*b - 50*b. Let z = b - 60. Calculate the highest common divisor of z and 7.
7
Suppose -5*x + 542 = -4*m, 4*x = 4*m + 115 + 425. Let o = m + 134. Suppose 2*w + 2 = 10. Calculate the highest common factor of o and w.
1
Let b be 1/(-8) - 33*10/(-80). What is the highest common factor of b and 3548?
4
Let m(d) = -2*d + 4*d - 281 + 279 + 2*d. Let f be m(2). Suppose 0 = -2*u + 5*u - 6. What is the highest common factor of f and u?
2
Suppose 1124 = 2*l + 5*i, -5*l + i = -721 - 2116. Calculate the highest common factor of l and 15.
3
Let y = 257 - 219. Suppose y*j - 26*j - 432 = 0. What is the greatest common factor of j and 252?
36
Suppose -2*s + 17025 = 3*n, 103*n - 105*n + 11336 = -s. What is the highest common factor of 159 and n?
53
Let t = 289 - 287. Let x be ((-208)/(-130))/(0 - t/(-620)). What is the greatest common factor of 31 and x?
31
Let v be 2 - 3440/((-35)/7). Suppose 0 = -3*j - s + 425, 0 = 5*j - 4*s + 2*s - v. Let a = 23 + -3. What is the greatest common factor of j and a?
20
Let b(i) = 21*i**2 - 28 + 0*i**3 - 1087*i - i**3 + 1070*i. Let y be b(19). Calculate the greatest common factor of 159 and y.
53
Let k(p) = p**2 + 7*p + 5. Let j be k(-6). Let b be (-6)/(-2) + j + -7. Let s be (-15 + b)/((-2)/8). What is the greatest common factor of 32 and s?
16
Let g(t) = -t**2 + 16*t + 74. Let n be g(-4). Let k(s) = -206*s - 176. Let h be k(n). What is the highest common divisor of 20 and h?
20
Let r = -52 + 69. Let x = r - -34. Calculate the greatest common factor of x and 221.
17
Suppose 65*c + 4*b = 64*c + 1054, -2*c = 2*b - 2084. Calculate the greatest common divisor of c and 6.
6
Suppose 2*p - 3 - 45 = 0. Suppose x - 26 = 3*j, -2*j - p - 1 = -x. What is the greatest common divisor of 23 and x?
23
Let n be 3966 - (11 + (-14 - 0)). What is the greatest common factor of n and 27?
27
Let i = 609 - 339. Let y(a) = 4*a**2 - 68*a - 18. Let s be y(18). What is the highest common divisor of i and s?
54
Let o = 31 + -19. Let h(l) be the first derivative of l**2/2 - 7*l + 41. Let v be h(o). What is the highest common factor of 35 and v?
5
Let y(u) = -90*u - 51. Let g(h) = -360*h - 203. Let f(r) = -2*g(r) + 9*y(r). Let v be f(-8). What is the highest common divisor of 29 and v?
29
Let n be (-2 - -1) + (1 - -10). Let h be 3/(2/(-3) + 2898/4104). Let x = -26 + h. Calculate the greatest common factor of n and x.
10
Let u(w) = -9*w + 2. Let x be u(-1). Suppose 9*b - 18 = x*b. Let r be (0 + (-20)/(-24))*-2*b. What is the greatest common factor of r and 30?
15
Let o(i) = -3*i**2 - 8*i - 40. Let n be o(7). Let t = -236 - n. Calculate the highest common factor of 9 and t.
1
Let r be (572/11 - 64)*3/(-9). Let j = -10 - -28. What is the highest common factor of j and r?
2
Let l = 13800 - 13783. Calculate the highest common divisor of 46104 and l.
17
Let c = -5119 + 6794. What is the greatest common divisor of c and 50?
25
Let y = 28 + -26. Suppose -3*n - y*s + 32 = 0, 2*s + 2*s = 3*n - 44. What is the greatest common divisor of n and 60?
12
Let z be (32/6)/(-15 + 1582/105). Calculate the greatest common factor of z and 5000.
40
Let y(f) = -f**3 + 11*f**2 - 10*f. Let r be (-6)/21 - 1/(21/(-216)). Let h be y(r). Suppose h = 4*l + l - 300. Calculate the highest common factor of l and 30.
30
Let z(l) = 35*l - 2. Let g be -17 + 15 - 1/1*-4. Suppose -g*v + v + 4 = 3*t, 0 = -3*t + 3. Let a be z(v). Calculate the greatest common divisor of a and 231.
33
Let u = 660 - 380. Let v(n) = n + 4. Let i be v(31). Calculate the greatest common factor of i and u.
35
Suppose 2*t - 4*h - h = 0, -t = 2*h. Suppose t = m, -12*q = -15*q - m + 105. What is the highest common divisor of 35 and q?
35
Suppose -5*k = -p - 111 - 256, k - p = 71. Let q = 8473 + -7215. Calculate the greatest common divisor of k and q.
74
Let g be 78/208 - (-573)/8. Suppose -u + 1 = 0, -4*j + 4*u = -828 - g. Suppose j - 44 = 7*a. What is the highest common divisor of 78 and a?
26
Let o be (2 - (-10 - 1)) + -1. Suppose -2*r + 3244 = 3240. Suppose 0 = -2*j + r, -3*a = -8*a - 3*j + 18. What is the greatest common factor of o and a?
3
Suppose -3*i - 701*w = -702*w - 12, 2*w = 0. What is the greatest common divisor of 356 and i?
4
Suppose -2*a + 3*a - 148 = 0. Suppose -8*g = -4*g + 5*g - 36. What is the highest common divisor of g and a?
4
Suppose -787*n = -786*n - 913. Let r = 79 + n. Calculate the greatest common factor of 31 and r.
31
Suppose -574752 - 1255973 = -325*p. What is the greatest common factor of p and 1179?
131
Let g = 187 + -129. Let s = g - 47. Let t be 4/(((-24)/(-2))/3). What is the highest common factor of t and s?
1
Let u be (-12)/(-42) - (4764/14 - 1). Let r be 4 - ((-14)/(-21))/(2/u). Calculate the greatest common factor of r and 13.
13
Suppose 0 = -4*g + 7*g + 4*u - 19153, u + 6368 = g. What is the highest common factor of g and 51?
51
Suppose y + i = 10447, 79*y - 80*y + 10450 = 2*i. What is the highest common divisor of 28 and y?
28
Let f(g) = -15*g + 175. Let k be f(11). What is the greatest common factor of k and 80?
10
Suppose -10*n + 19*n - 72 = 0. Suppose -n*t - 281 - 279 = 0. Let r = -20 - t. Calculate the highest common factor of 20 and r.
10
Let s be (2/(-2))/(3/(-84)). Let d be -4 + 264/(4/1). Let k = -55 + d. Calculate the greatest common divisor of s and k.
7
Suppose -3*q = -9, 29*q - 9 = -d + 28*q. Let c be (-110)/(-8) - (d + (-100)/16). Calculate the highest common factor of c and 70.
14
Let l be (72/(-21))/(4 + (-928)/203). Calculate the highest common divisor of l and 6702.
6
Suppose -2*m + 308 = 3*q + 281, 0 = -4*m + 2*q - 2. Calculate the greatest common factor of 227 and m.
1
Let t = 13071 + -9199. What is the greatest common factor of 242 and t?
242
Suppose 0 = -55*p - 29809 + 121549. Calculate the greatest common divisor of p and 36.
12
Let b(p) = 18*p - 46. Let o be b(3). Let f be 2*(-5 + 604/o). Calculate the highest common factor of f and 47.
47
Let m be -1*(-102 + -4 - -4). Let f be m*(6 + (-11)/2). Calculate the greatest common factor of f and 204.
51
Let a(n) = n**2 - 5*n + 4. Let